{"id":1316,"date":"2017-10-16T04:10:26","date_gmt":"2017-10-16T04:10:26","guid":{"rendered":"http:\/\/ninzio.com\/bauer\/?page_id=1316"},"modified":"2020-07-01T19:44:06","modified_gmt":"2020-07-01T19:44:06","slug":"quienes-somos","status":"publish","type":"page","link":"https:\/\/www.inq.mx\/ingenieriampv\/quienes-somos\/","title":{"rendered":"Qui\u00e9nes Somos"},"content":{"rendered":"<p>[vc_row css=&#8221;.vc_custom_1558754119849{background-image: url(http:\/\/localhost\/wordpress\/wp-content\/uploads\/2019\/05\/main-bg-1.png?id=8860) !important;background-position: center !important;background-repeat: no-repeat !important;background-size: cover !important;}&#8221; el_id=&#8221;first-row&#8221;][vc_column][vc_row_inner][vc_column_inner width=&#8221;1\/2&#8243;]<div class=\"bauer-single-heading clearfix \" style=\"margin-bottom:25px;\"><span class=\"inner\"><span class=\"heading clearfix \" style=\"font-weight:600;color:#cacaca;font-size:16px;\">\r\n\t\tBIENVENIDOS A MPV INGENIERIA\r\n\t<\/span><\/span><\/div><h2 class=\"bauer-text clearfix \" style=\"font-size:42px;line-height:50px;margin-bottom:32px;\"><p>Entendemos la importancia de la innovaci\u00f3n y la tecnolog\u00eda en tu trabajo<\/p>\n<\/h2><div class=\"bauer-text clearfix \" style=\"font-size:18px;line-height:30px;color:#414042;margin-bottom:34px;\"><p>Desde la fundaci\u00f3n de MPV en 1996, nuestra visi\u00f3n ha sido crear un compromiso con nuestros clientes de entregar proyectos de calidad que a\u00f1adan valor a sus procesos.<\/p>\n<\/div><div class=\"bauer-text clearfix \" style=\"\"><p>Comenzamos MPV con un objetivo: construir una compa\u00f1ia que pudiera cumplir con las exigencias del mercado y al mismo tiempo operar de manera flexible con enfoque de servicio al cliente. Aplicamos los valores de un negocio peque\u00f1o con una visi\u00f3n empresarial.<\/p>\n<p>Hoy, 75 por ciento de nuestro negocio viene de un grupo leal de clientes que han constru\u00eddo con nosotros esta compa\u00f1ia desde el inicio.<\/p>\n<\/div>\r\n\t<div class=\"bauer-spacer clearfix\" data-desktop=\"60\" data-mobi=\"30\" data-smobi=\"30\"><\/div><div class=\"button-wrap icon-right\" style=\"\" ><a href=\"ingenieriampv\/quienes-somos\/\" target=\"_blank\" class=\"bauer-button btn-1411962807 medium no_icon custom outline solid custom\" style=\"border-radius:30px;border-width:2px;\"  data-background=\"\" data-border=\"#1e73be\" data-text=\"#1e73be\" data-text-hover=\"#ffffff\" data-background-hover=\"#1e73be\">\r\n\t\t<span style=\"\">Conoce m\u00e1s <\/span>\r\n\t<\/a><\/div>[\/vc_column_inner][vc_column_inner width=&#8221;1\/2&#8243;]\r\n\t<div class=\"bauer-spacer clearfix\" data-desktop=\"55\" data-mobi=\"40\" data-smobi=\"40\"><\/div><div class=\"bauer-simple-image text-center\" style=\"\" >\r\n\t\t\t<img alt=\"image\" src=\"https:\/\/www.inq.mx\/ingenieriampv\/wp-content\/uploads\/2020\/06\/freight-manager-talking-with-an-engineer-in-a-ship-2FMG83R-scaled.jpg\" \/> \r\n\t\t<\/div>[\/vc_column_inner][\/vc_row_inner][\/vc_column][\/vc_row][vc_row css=&#8221;.vc_custom_1557825100635{background-image: url(http:\/\/localhost\/wordpress\/wp-content\/uploads\/2019\/05\/section-bg1-2.png?id=8072) !important;background-position: center !important;background-repeat: no-repeat !important;background-size: cover !important;}&#8221;][vc_column]\r\n\t<div class=\"bauer-spacer clearfix\" data-desktop=\"0\" data-mobi=\"0\" data-smobi=\"0\"><\/div>\r\n\t<div class=\"bauer-spacer clearfix\" data-desktop=\"94\" data-mobi=\"60\" data-smobi=\"60\"><\/div>[vc_row_inner][vc_column_inner width=&#8221;1\/2&#8243;]<div class=\"bauer-single-heading clearfix  wow fadeInUp\" style=\"margin-bottom:25px;\"><span class=\"inner\"><span class=\"heading clearfix \" style=\"font-weight:600;color:#777777;font-size:16px;\">\r\n\t\tNUESTRA COMPA\u00d1IA\r\n\t<\/span><\/span><\/div><h2 class=\"bauer-text clearfix \" style=\"font-size:42px;line-height:50px;color:#030f27;\"><p>Nos mantenemos actualizados con las ultimas aplicaciones de tecnolog\u00edas industriales<\/p>\n<\/h2>[\/vc_column_inner][vc_column_inner width=&#8221;1\/2&#8243;]\r\n\t<div class=\"bauer-spacer clearfix\" data-desktop=\"52\" data-mobi=\"30\" data-smobi=\"30\"><\/div><div class=\"bauer-text clearfix \" style=\"font-size:18px;line-height:30px;color:#414042;\"><p>No importa tu presupuesto, nosotros cuidaremos de tu infraestructura sin sacrificar la calidad de nuestro trabajo. Laboramos bajo esquemas de colaboraci\u00f3n que permiten mantener al cliente actualizado sobre su proyecto siempre.<\/p>\n<\/div>[\/vc_column_inner][\/vc_row_inner]\r\n\t<div class=\"bauer-spacer clearfix\" data-desktop=\"70\" data-mobi=\"50\" data-smobi=\"50\"><\/div>[vc_row_inner][vc_column_inner width=&#8221;1\/3&#8243;]<div class=\"bauer-icon-box clearfix icon-left align-left hover-style-1 simple\" style=\"background-color:#ffffff;padding:25px 25px 27px;border-radius:5px;border:1px solid #e7e7e7;\" ><div class=\"hover\" style=\"border-radius:5px;background-image:url(https:\/\/www.inq.mx\/ingenieriampv\/wp-content\/uploads\/2019\/05\/iconbox-small-bg1.jpg);\"><\/div><div class=\"wrap-inner\" style=\"position: relative;\"><div class=\"bauer-icon icon-1717152443 accent custom\"  data-background=\"\">\r\n\t\t\t\t<span class=\"icon\" style=\"font-size:50px;width:50px;height:50px;border-style:solid;line-height:50px;\"><i class=\"entypo-icon entypo-icon-retweet\"><\/i><\/span>\r\n\t\t\t<\/div> <h3 class=\"heading \" style=\"padding-left:75px;font-size:20px;line-height:24px;margin-bottom:12px;\">\r\n\t\t\t<span>Colaboraci\u00f3n Continua<\/span>\r\n\t\t<\/h3><div class=\"desc\" style=\"padding-left:75px;\"><p>Comunicaci\u00f3n 1 a 1 con el cliente para actualizaciones constantes<\/p>\n<\/div> <div class=\"hover\" style=\"border-radius:5px;background-image:url(https:\/\/www.inq.mx\/ingenieriampv\/wp-content\/uploads\/2019\/05\/iconbox-small-bg1.jpg);\"><\/div><\/div><\/div>\r\n\t<div class=\"bauer-spacer clearfix\" data-desktop=\"0\" data-mobi=\"30\" data-smobi=\"30\"><\/div>[\/vc_column_inner][vc_column_inner width=&#8221;1\/3&#8243;]<div class=\"bauer-icon-box clearfix icon-left align-left hover-style-1 simple\" style=\"background-color:#ffffff;padding:25px 25px 27px;border-radius:5px;border:1px solid #e7e7e7;\" ><div class=\"hover\" style=\"border-radius:5px;background-image:url(https:\/\/www.inq.mx\/ingenieriampv\/wp-content\/uploads\/2019\/05\/iconbox-small-bg2.jpg);\"><\/div><div class=\"wrap-inner\" style=\"position: relative;\"><div class=\"bauer-icon icon-1331121198 accent custom\"  data-background=\"\">\r\n\t\t\t\t<span class=\"icon\" style=\"font-size:50px;width:50px;height:50px;border-style:solid;line-height:50px;\"><i class=\"entypo-icon entypo-icon-clock\"><\/i><\/span>\r\n\t\t\t<\/div> <h3 class=\"heading \" style=\"padding-left:75px;font-size:20px;line-height:24px;margin-bottom:12px;\">\r\n\t\t\t<span>Priorizaci\u00f3n de Tiempos<\/span>\r\n\t\t<\/h3><div class=\"desc\" style=\"padding-left:75px;\"><p>Trabajamos eficientemente priorizando lo m\u00e1s importante<\/p>\n<\/div> <div class=\"hover\" style=\"border-radius:5px;background-image:url(https:\/\/www.inq.mx\/ingenieriampv\/wp-content\/uploads\/2019\/05\/iconbox-small-bg2.jpg);\"><\/div><\/div><\/div>\r\n\t<div class=\"bauer-spacer clearfix\" data-desktop=\"94\" data-mobi=\"60\" data-smobi=\"60\"><\/div>[\/vc_column_inner][vc_column_inner width=&#8221;1\/3&#8243;]<div class=\"bauer-icon-box clearfix icon-left align-left hover-style-1 simple\" style=\"background-color:#ffffff;padding:25px 25px 27px;border-radius:5px;border:1px solid #e7e7e7;\" ><div class=\"hover\" style=\"border-radius:5px;background-image:url(https:\/\/www.inq.mx\/ingenieriampv\/wp-content\/uploads\/2019\/05\/iconbox-small-bg3.jpg);\"><\/div><div class=\"wrap-inner\" style=\"position: relative;\"><div class=\"bauer-icon icon-501897422 accent custom\"  data-background=\"\">\r\n\t\t\t\t<span class=\"icon\" style=\"font-size:50px;width:50px;height:50px;border-style:solid;line-height:50px;\"><i class=\"entypo-icon entypo-icon-thumbs-up\"><\/i><\/span>\r\n\t\t\t<\/div> <h3 class=\"heading \" style=\"padding-left:75px;font-size:20px;line-height:24px;margin-bottom:12px;\">\r\n\t\t\t<span>Tu Mejor Opci\u00f3n<\/span>\r\n\t\t<\/h3><div class=\"desc\" style=\"padding-left:75px;\"><p>Nuestros a\u00f1os de experiencia respaldan nuestro trabajo<\/p>\n<\/div> <div class=\"hover\" style=\"border-radius:5px;background-image:url(https:\/\/www.inq.mx\/ingenieriampv\/wp-content\/uploads\/2019\/05\/iconbox-small-bg3.jpg);\"><\/div><\/div><\/div>[\/vc_column_inner][\/vc_row_inner]\r\n\t<div class=\"bauer-spacer clearfix\" data-desktop=\"0\" data-mobi=\"0\" data-smobi=\"0\"><\/div>[\/vc_column][\/vc_row][vc_row][vc_column width=&#8221;1\/2&#8243;]<div class=\"bauer-image-box clearfix style-3 \" style=\"\" >\r\n        <div class=\"item\">\r\n            <div class=\"inner\">\r\n                <div class=\"thumb\" style=\"\"><img width=\"1707\" height=\"2560\" src=\"https:\/\/www.inq.mx\/ingenieriampv\/wp-content\/uploads\/2020\/06\/portrait-of-positive-worker-male-in-yellow-safe-he-DL7YXHB-scaled.jpg\" class=\"attachment-full size-full\" alt=\"\" loading=\"lazy\" srcset=\"https:\/\/www.inq.mx\/ingenieriampv\/wp-content\/uploads\/2020\/06\/portrait-of-positive-worker-male-in-yellow-safe-he-DL7YXHB-scaled.jpg 1707w, https:\/\/www.inq.mx\/ingenieriampv\/wp-content\/uploads\/2020\/06\/portrait-of-positive-worker-male-in-yellow-safe-he-DL7YXHB-200x300.jpg 200w, https:\/\/www.inq.mx\/ingenieriampv\/wp-content\/uploads\/2020\/06\/portrait-of-positive-worker-male-in-yellow-safe-he-DL7YXHB-683x1024.jpg 683w, https:\/\/www.inq.mx\/ingenieriampv\/wp-content\/uploads\/2020\/06\/portrait-of-positive-worker-male-in-yellow-safe-he-DL7YXHB-768x1152.jpg 768w, https:\/\/www.inq.mx\/ingenieriampv\/wp-content\/uploads\/2020\/06\/portrait-of-positive-worker-male-in-yellow-safe-he-DL7YXHB-1024x1536.jpg 1024w, https:\/\/www.inq.mx\/ingenieriampv\/wp-content\/uploads\/2020\/06\/portrait-of-positive-worker-male-in-yellow-safe-he-DL7YXHB-1365x2048.jpg 1365w, https:\/\/www.inq.mx\/ingenieriampv\/wp-content\/uploads\/2020\/06\/portrait-of-positive-worker-male-in-yellow-safe-he-DL7YXHB-870x1305.jpg 870w, https:\/\/www.inq.mx\/ingenieriampv\/wp-content\/uploads\/2020\/06\/portrait-of-positive-worker-male-in-yellow-safe-he-DL7YXHB-640x960.jpg 640w, https:\/\/www.inq.mx\/ingenieriampv\/wp-content\/uploads\/2020\/06\/portrait-of-positive-worker-male-in-yellow-safe-he-DL7YXHB-480x720.jpg 480w\" sizes=\"(max-width: 1707px) 100vw, 1707px\" \/> <\/div>\r\n                <div class=\"text-wrap \" style=\"\">\r\n                      \r\n                <\/div>\r\n                \r\n            <\/div>\r\n        <\/div>\r\n    <\/div>[\/vc_column][vc_column width=&#8221;1\/2&#8243;]<div class=\"bauer-testimonials light clearfix style-1 simple has-stars\" style=\"\">\r\n        <div class=\"inner\" style=\"\">\r\n\t    <div class=\"image-wrap\">\r\n\t    \t<div class=\"thumb\" style=\"\"><img width=\"100\" height=\"100\" src=\"https:\/\/www.inq.mx\/ingenieriampv\/wp-content\/uploads\/2019\/05\/testimonial5.jpg\" class=\"attachment-full size-full\" alt=\"\" loading=\"lazy\" \/><\/div>\r\n\t    <\/div>\r\n\t    <div class=\"name-wrap\" style=\"\">\r\n\t    \t<div class=\"name-pos\" style=\"\"><h6 class=\"name\" style=\"\"><span>Pablo Hern\u00e1ndez<\/span><\/h6> <span class=\"position\" style=\"\">Gerente de Ventas<\/span><\/div>\r\n\t    <\/div>\r\n\t    <div class=\"text-wrap\">\r\n\t    <blockquote class=\"text\" style=\"font-style:normal;\"><p>El equipo de servicio al cliente pudo apoyarnos con las preguntas que tuvimos y los instaladores terminaron su trabajo excelente<\/p>\n<\/blockquote>\r\n\t    <\/div>\r\n    <\/div>\r\n    <\/div><div class=\"bauer-testimonials light clearfix style-1 simple has-stars\" style=\"\">\r\n        <div class=\"inner\" style=\"\">\r\n\t    <div class=\"image-wrap\">\r\n\t    \t<div class=\"thumb\" style=\"\"><img width=\"100\" height=\"100\" src=\"https:\/\/www.inq.mx\/ingenieriampv\/wp-content\/uploads\/2019\/05\/testimonial1-2.jpg\" class=\"attachment-full size-full\" alt=\"\" loading=\"lazy\" \/><\/div>\r\n\t    <\/div>\r\n\t    <div class=\"name-wrap\" style=\"\">\r\n\t    \t<div class=\"name-pos\" style=\"\"><h6 class=\"name\" style=\"\"><span>Karina Barrera<\/span><\/h6> <span class=\"position\" style=\"\">Jefa de Marketing<\/span><\/div>\r\n\t    <\/div>\r\n\t    <div class=\"text-wrap\">\r\n\t    <blockquote class=\"text\" style=\"font-style:normal;\"><p>Los servicios de consultor\u00eda nos apoyaron para eficientar nuestros procesos<\/p>\n<\/blockquote>\r\n\t    <\/div>\r\n    <\/div>\r\n    <\/div>[\/vc_column][\/vc_row][vc_row][vc_column]\r\n\t<div class=\"bauer-spacer clearfix\" data-desktop=\"94\" data-mobi=\"60\" data-smobi=\"60\"><\/div>\r\n\t<div class=\"bauer-spacer clearfix\" data-desktop=\"0\" data-mobi=\"0\" data-smobi=\"0\"><\/div>[\/vc_column][\/vc_row][vc_row][vc_column width=&#8221;1\/2&#8243;]<div class=\"bauer-single-heading clearfix \" style=\"\"><span class=\"inner\"><span class=\"heading clearfix \" style=\"font-weight:600;color:#777777;font-size:16px;\">\r\n\t\tNUESTRAS HABILIDADES Y EXPERIENCIA\r\n\t<\/span><\/span><\/div>\r\n\t<div class=\"bauer-spacer clearfix\" data-desktop=\"0\" data-mobi=\"0\" data-smobi=\"0\"><\/div><h2 class=\"bauer-text clearfix \" style=\"font-size:42px;line-height:50px;color:#414042;\"><p>Experiencia, disciplina y precisi\u00f3n<\/p>\n<\/h2>\r\n\t<div class=\"bauer-spacer clearfix\" data-desktop=\"0\" data-mobi=\"0\" data-smobi=\"0\"><\/div><div class=\"bauer-text clearfix \" style=\"line-height:35px;color:#414042;\"><p>Somos una compa\u00f1\u00eda con presencia en Am\u00e9rica del Norte, Europa y Am\u00e9rica Latina, con contratos valuados a $15 millones de dolares.<\/p>\n<\/div>\r\n\t<div class=\"bauer-spacer clearfix\" data-desktop=\"0\" data-mobi=\"0\" data-smobi=\"0\"><\/div>[vc_progress_bar values=&#8221;%5B%7B%22label%22%3A%22Sistemas%20de%20Control%20Energ%C3%A9ticos%22%2C%22value%22%3A%22100%22%2C%22color%22%3A%22bar_green%22%7D%2C%7B%22label%22%3A%22Calidad%20Energ%C3%A9tica%22%2C%22value%22%3A%22100%22%2C%22color%22%3A%22bar_green%22%7D%2C%7B%22label%22%3A%22Soporte%20y%20Servicio%22%2C%22value%22%3A%22100%22%2C%22color%22%3A%22bar_green%22%7D%5D&#8221; bgcolor=&#8221;grey&#8221; css_animation=&#8221;fadeIn&#8221; units=&#8221;%&#8221; el_class=&#8221;barras-progreso&#8221;][\/vc_column][vc_column width=&#8221;1\/2&#8243;][vc_single_image image=&#8221;9463&#8243;][\/vc_column][\/vc_row][vc_row][vc_column]\r\n\t<div class=\"bauer-spacer clearfix\" data-desktop=\"94\" data-mobi=\"60\" data-smobi=\"60\"><\/div>[\/vc_column][\/vc_row][vc_row][vc_column width=&#8221;1\/2&#8243;][\/vc_column][\/vc_row]<\/p>\n","protected":false},"excerpt":{"rendered":"<p>[vc_row css=&#8221;.vc_custom_1558754119849{background-image: url(http:\/\/localhost\/wordpress\/wp-content\/uploads\/2019\/05\/main-bg-1.png?id=8860) !important;background-position: center !important;background-repeat: no-repeat !important;background-size: cover !important;}&#8221; el_id=&#8221;first-row&#8221;][vc_column][vc_row_inner][vc_column_inner width=&#8221;1\/2&#8243;][\/vc_column_inner][vc_column_inner width=&#8221;1\/2&#8243;][\/vc_column_inner][\/vc_row_inner][\/vc_column][\/vc_row][vc_row css=&#8221;.vc_custom_1557825100635{background-image: url(http:\/\/localhost\/wordpress\/wp-content\/uploads\/2019\/05\/section-bg1-2.png?id=8072) !important;background-position: center !important;background-repeat: no-repeat !important;background-size: cover !important;}&#8221;][vc_column][vc_row_inner][vc_column_inner width=&#8221;1\/2&#8243;][\/vc_column_inner][vc_column_inner width=&#8221;1\/2&#8243;][\/vc_column_inner][\/vc_row_inner][vc_row_inner][vc_column_inner width=&#8221;1\/3&#8243;][\/vc_column_inner][vc_column_inner width=&#8221;1\/3&#8243;][\/vc_column_inner][vc_column_inner width=&#8221;1\/3&#8243;][\/vc_column_inner][\/vc_row_inner][\/vc_column][\/vc_row][vc_row][vc_column width=&#8221;1\/2&#8243;][\/vc_column][vc_column width=&#8221;1\/2&#8243;][\/vc_column][\/vc_row][vc_row][vc_column][\/vc_column][\/vc_row][vc_row][vc_column width=&#8221;1\/2&#8243;][vc_progress_bar values=&#8221;%5B%7B%22label%22%3A%22Sistemas%20de%20Control%20Energ%C3%A9ticos%22%2C%22value%22%3A%22100%22%2C%22color%22%3A%22bar_green%22%7D%2C%7B%22label%22%3A%22Calidad%20Energ%C3%A9tica%22%2C%22value%22%3A%22100%22%2C%22color%22%3A%22bar_green%22%7D%2C%7B%22label%22%3A%22Soporte%20y%20Servicio%22%2C%22value%22%3A%22100%22%2C%22color%22%3A%22bar_green%22%7D%5D&#8221; bgcolor=&#8221;grey&#8221; css_animation=&#8221;fadeIn&#8221; units=&#8221;%&#8221; el_class=&#8221;barras-progreso&#8221;][\/vc_column][vc_column width=&#8221;1\/2&#8243;][vc_single_image image=&#8221;9463&#8243;][\/vc_column][\/vc_row][vc_row][vc_column][\/vc_column][\/vc_row][vc_row][vc_column width=&#8221;1\/2&#8243;][\/vc_column][\/vc_row]<\/p>\n","protected":false},"author":1,"featured_media":0,"parent":0,"menu_order":0,"comment_status":"closed","ping_status":"closed","template":"","meta":[],"_links":{"self":[{"href":"https:\/\/www.inq.mx\/ingenieriampv\/wp-json\/wp\/v2\/pages\/1316"}],"collection":[{"href":"https:\/\/www.inq.mx\/ingenieriampv\/wp-json\/wp\/v2\/pages"}],"about":[{"href":"https:\/\/www.inq.mx\/ingenieriampv\/wp-json\/wp\/v2\/types\/page"}],"author":[{"embeddable":true,"href":"https:\/\/www.inq.mx\/ingenieriampv\/wp-json\/wp\/v2\/users\/1"}],"replies":[{"embeddable":true,"href":"https:\/\/www.inq.mx\/ingenieriampv\/wp-json\/wp\/v2\/comments?post=1316"}],"version-history":[{"count":38,"href":"https:\/\/www.inq.mx\/ingenieriampv\/wp-json\/wp\/v2\/pages\/1316\/revisions"}],"predecessor-version":[{"id":9655,"href":"https:\/\/www.inq.mx\/ingenieriampv\/wp-json\/wp\/v2\/pages\/1316\/revisions\/9655"}],"wp:attachment":[{"href":"https:\/\/www.inq.mx\/ingenieriampv\/wp-json\/wp\/v2\/media?parent=1316"}],"curies":[{"name":"wp","href":"https:\/\/api.w.org\/{rel}","templated":true}]}}